*n**2 - 333*n - 36539. What is y(-87)?
1
Let r(d) = -25300*d + 50211. Give r(2).
-389
Let h(x) = -x**3 + 162*x**2 - 2069*x - 446. Give h(148).
-2
Let h(o) = o**3 - 12*o**2 + 633*o - 5426. Give h(9).
28
Let o(p) = -89*p**2 - 1420*p - 2862. Calculate o(-2).
-378
Let z(w) = 9*w**2 + 271*w + 17. Determine z(-27).
-739
Let t(p) = -6*p**2 - 81*p - 142. What is t(-10)?
68
Let w(j) = j**2 - 52172*j - 5593849. Calculate w(-107).
4
Let q(d) = 11006*d + 2905585. Give q(-264).
1
Let h(r) = -r**3 + 6*r**2 + 2090*r - 12491. Calculate h(6).
49
Let x(f) = -385*f - 41970. Determine x(-100).
-3470
Let n(x) = 44*x + 7008. Calculate n(-116).
1904
Let o(f) = 2*f**2 + 2397*f - 24068. Give o(10).
102
Let s(j) = -2757*j**2 + 33150*j - 788. Give s(12).
4
Let s(r) = 335667*r + 5370652. Calculate s(-16).
-20
Let h(n) = -3*n**3 + 156*n**2 + 1650*n - 225. Determine h(61).
-42
Let x(d) = 604*d**2 + 3011*d - 8. Calculate x(-5).
37
Let u(t) = 12214*t - 1172564. What is u(96)?
-20
Let n(x) = -x**3 + 15*x**2 - 137*x + 1639. Determine n(14).
-83
Let n(t) = -13*t**3 - 627*t**2 + 33038*t - 148. What is n(-80)?
12
Let w(f) = -5371*f - 564092. Give w(-105).
-137
Let p(t) = 3*t**3 + 252*t**2 - 173*t - 14537. Determine p(-84).
-5
Let f(d) = -2*d**3 + 18*d**2 - 274*d - 292. Determine f(-1).
2
Let k(w) = 3424*w + 112986. What is k(-33)?
-6
Let j(p) = 25*p**2 + 72*p - 146. What is j(2)?
98
Let p(v) = -v**3 - 726*v**2 + 135517*v + 462. Determine p(154).
0
Let f(c) = -c**2 + 1568*c - 74486. What is f(49)?
-55
Let o(q) = -q**2 - 1038*q + 34279. What is o(32)?
39
Let q(f) = 541*f - 30269. Give q(56).
27
Let x(u) = 295*u**2 + 46880*u - 4003. Give x(-159).
-28
Let p(b) = -37037*b + 258901. Determine p(7).
-358
Let n(k) = -12547*k + 75287. Calculate n(6).
5
Let y(f) = -f**2 + 392*f + 13987. Give y(-33).
-38
Let c(v) = 3*v**3 + 265*v**2 - 5616*v + 206. Give c(-106).
-6
Let l(u) = 130355*u + 15251528. Determine l(-117).
-7
Let x(z) = 3*z**3 - 398*z**2 + 629*z - 334. Calculate x(131).
-3740
Let h(w) = 4*w**3 + 18*w**2 - 159*w - 10. Determine h(-10).
-620
Let g(b) = -40*b**2 - 10962*b - 11458. Determine g(-273).
8
Let i(r) = r**3 - 20*r**2 + 172*r - 435. Calculate i(13).
618
Let r(y) = 5290*y - 110891. Calculate r(21).
199
Let a(u) = 12202*u + 85055. Calculate a(-7).
-359
Let t(h) = 2*h**3 - 233*h**2 - 1005*h + 103908. Determine t(117).
12
Let k(w) = 5*w**3 - 552*w**2 + 405*w - 20106. Determine k(110).
244
Let o(s) = 2*s**2 - 143*s + 2573. Calculate o(35).
18
Let g(u) = -u**2 - 55263*u - 2374456. Calculate g(-43).
4
Let n(j) = -j**3 - 12*j**2 + 2874*j + 39802. Give n(-14).
-42
Let z(l) = -11183*l + 626449. Calculate z(56).
201
Let l(r) = -299*r - 17107. Calculate l(-37).
-6044
Let x(w) = -3*w**3 - 77*w**2 + 22*w + 60. What is x(-26)?
164
Let r(p) = -1826*p - 100326. Determine r(-55).
104
Let c(f) = -678*f - 228470. Give c(-337).
16
Let l(c) = 76*c**2 - 504*c + 154. Determine l(8).
986
Let r(c) = -4*c**2 - 1149*c + 9172. What is r(-295)?
27
Let g(a) = a**3 + 39*a**2 + 208*a + 6367. Give g(-38).
-93
Let c(s) = -2*s**2 - 53544*s + 24112498. Determine c(443).
8
Let h(k) = -k**2 - 55*k + 3054. Determine h(-70).
2004
Let f(j) = 162*j - 920. Give f(5).
-110
Let m(n) = 37*n**2 + 9*n - 112. Determine m(-5).
768
Let x(f) = -491*f + 421. Give x(1).
-70
Let f(j) = 49821*j + 7074592. Calculate f(-142).
10
Let z(g) = 3*g**2 + 798*g - 23745. What is z(27)?
-12
Let b(s) = 6216*s - 37283. What is b(6)?
13
Let d(v) = 4*v**2 + 4179*v - 111256. Calculate d(26).
102
Let m(w) = -w**3 + 1155*w**2 + 52772*w - 19171. Give m(1199).
13
Let r(a) = -a**3 + 1639*a**2 + 9751*a - 695. Determine r(-6).
19
Let w(d) = -2*d**2 + 295*d - 10238. Calculate w(55).
-63
Let m(d) = -16*d**3 - 10*d + 18. Determine m(3).
-444
Let t(b) = b**3 + 6*b**2 - 263*b - 2263. Calculate t(-10).
-33
Let r(b) = -9*b**3 - 10*b**2 - 35*b + 14. Determine r(-4).
570
Let v(m) = 13*m**2 + 44*m + 37. Determine v(-11).
1126
Let j(z) = 4*z**3 - 29*z**2 + 17*z + 13. Calculate j(6).
-65
Let c(g) = -2*g**2 + 451*g - 3642. Give c(216).
462
Let h(r) = -690*r - 2278. Determine h(-2).
-898
Let f(i) = 21*i**2 + 2349*i + 23340. Give f(-10).
1950
Let i(t) = -37*t**3 - 1491*t**2 - 439*t + 49. Calculate i(-40).
9
Let l(t) = -t**2 + 180*t - 7435. Give l(54).
-631
Let k(o) = -o**3 + 232*o**2 - 1218*o + 18475. Calculate k(227).
-366
Let j(l) = -l**3 - 858*l**2 + 2554*l + 717155. Calculate j(-860).
-85
Let s(x) = -24*x**3 - 374*x**2 + x + 34. Calculate s(-15).
-3131
Let g(l) = -45*l**2 + 1543*l + 239. What is g(34)?
681
Let l(c) = -2*c**2 - 367*c - 16575. Determine l(-103).
8
Let r(k) = 3*k**3 + 28*k**2 - 16*k - 44. What is r(-10)?
-84
Let h(z) = -z**2 - 160*z + 1714936. Calculate h(1232).
-8
Let z(b) = b**2 - 15252*b + 1905892. What is z(126)?
16
Let q(b) = -145*b**3 - 5980*b**2 + 4618*b - 86. Determine q(-42).
-2
Let l(m) = -m**3 - 103*m**2 - 76*m - 301. Give l(-102).
-2953
Let k(o) = -o**3 + 1043*o**2 + 11594*o - 13. Determine k(-11).
-13
Let v(y) = -y**3 - 97*y**2 + 139*y + 31254. Calculate v(-95).
-1
Let t(u) = -403*u + 28390. Determine t(70).
180
Let j(q) = -2*q**2 - 1449*q - 62418. What is j(-46)?
4
Let q(d) = d**2 + 2087*d + 8309. Give q(-4).
-23
Let a(c) = -c**3 + 28*c**2 - 114*c - 606. Calculate a(14).
542
Let b(q) = -4*q**3 + 133*q**2 - 1049*q - 62. Calculate b(20).
158
Let f(b) = -12285*b - 233401. Determine f(-19).
14
Let o(r) = 21*r - 635. Calculate o(25).
-110
Let g(z) = -35427*z - 779419. Calculate g(-22).
-25
Let l(c) = -120*c**2 + 296*c - 83. Calculate l(2).
29
Let a(k) = 18*k**3 - 8*k**2 - 498*k - 996. Give a(-2).
-176
Let y(z) = 22574*z + 315839. Calculate y(-14).
-197
Let a(d) = d**3 + 734*d**2 + 270*d + 10. Calculate a(0).
10
Let j(w) = w**3 + 12*w**2 + 1946*w + 25504. Calculate j(-13).
37
Let m(c) = -7*c**3 + 42*c**2 - 3*c - 88. What is m(5)?
72
Let i(h) = 129*h**2 - 387*h + 1147. Give i(3).
1147
Let i(p) = -1022*p - 115498. Determine i(-112).
-1034
Let y(j) = -3*j**2 - 837*j - 58349. Determine y(-140).
31
Let w(t) = 931*t + 6516. What is w(-7)?
-1
Let r(v) = -7*v**3 + 55*v**2 + 62*v - 3. Calculate r(9).
-93
Let y(f) = -328*f - 4642. Determine y(-13).
-378
Let w(q) = 4*q**3 + 58*q**2 - 246*q + 68. Give w(3).
-40
Let s(z) = 5*z**3 + 2*z**2 - 38*z + 30. Determine s(4).
230
Let l(m) = -m**2 - 5561*m + 693304. Give l(122).
-22
Let u(m) = -m**3 + 123*m**2 - 467*m - 1009. Determine u(119).
62
Let l(d) = -2*d**2 + 526*d - 5945. Determine l(12).
79
Let t(a) = a**3 + 194*a**2 - 6*a - 337. Calculate t(0).
-337
Let m(g) = -g**3 - 143*g**2 - 675*g + 2099. What is m(-138)?
29
Let o(c) = -142*c + 33. What is o(-15)?
2163
Let t(x) = -2*x**2 + 13826*x + 10210752. Give t(-673).
-4
Let r(v) = -13*v - 6908. Give r(-213).
-4139
Let j(u) = -u**3 + 84*u**2 - 501*u + 34648. Determine j(83).
-46
Let l(v) = 4*v**3 + 125*v**2 - 40*v + 1779. What is l(-32)?
-13
Let y(d) = 1247*d - 29957. Determine y(24).
-29
Let r(a) = -311*a - 33388. What is r(-108)?
200
Let g(f) = 2*f**2 + 1131*f - 15023. What is g(13)?
18
Let d(u) = -5*u**2 + 12*u + 1941. Calculate d(-14).
793
Let g(d) = -238*d - 15963. Calculate g(-70).
697
Let u(q) = -1721*q + 81458. Calculate u(47).
571
Let k(o) = -269*o + 57033. Determine k(212).
5
Let h(y) = 392086*y - 4312954. What is h(11)?
-8
Let l(u) = -82868*u - 828683. Determine l(-10).
-3
Let q(k) = 38197*k**2 - 190980*k - 24. Calculate q(5).
1
Let t(q) = q**3 - 940*q**2 - 16295*q + 24889. What is t(957)?
7
Let j(r) = r**3 + 2*r**2 - 270*r - 2216. Determine j(-9).
-353
Let c(b) = 6*b**2 + 815*b - 86461. What is c(70)?
-11
Let f(i) = -12086*i - 2380945. Determine f(-197).
-3
Let l(b) = -786*b**2 + 9424*b + 62. Give l(12).
-34
Let o(p) = -23*p**2 + 385*p + 99. Determine o(20).
-1401
Let a(f) = -9120*f - 766047. What is a(-84)?
33
Let h(i) = -2*i**3 + i**2 + 78*i - 365. What is h(5)?
-200
Let s(g) = 25*g**2 + 163*g - 4471. What is s(-17)?
-17
Let b(m) = -m**2 - 240*m - 14707. Calculate b(-123).
-316
Let s(u) = 405*u**2 - 1450*u - 676. Give s(4).
4
Let w(n) = 5*n**2 + 1883*n - 56627. Calculate w(28).
17
Let k(g) = -38*g**2 + 7519*g - 301897. What is k(56)?
-1
Let x(w) = -2*w**3 - 3*w**2 + 3240*w - 59. What is x(-41)?
-100
Let b(y) = -y**3 + 27*y**2 - 1700*y + 9453. What is b(6)?
9
Let c(p) = p**2 + 2394*p + 169428. Determine c(-73).
-5
Let s(x) = x**3 - 136*x**2 - 12